{"id":2841,"date":"2024-10-08T13:27:25","date_gmt":"2024-10-08T11:27:25","guid":{"rendered":"https:\/\/roadstuds.com\/product\/lux-7-o-75-mm\/"},"modified":"2026-04-25T19:24:49","modified_gmt":"2026-04-25T17:24:49","slug":"marcadores-de-estrada-de-vidro-lux-7-75-mm","status":"publish","type":"product","link":"https:\/\/roadstuds.com\/pt-pt\/marcadores-de-estrada-de-vidro\/lux-7-75-mm\/","title":{"rendered":"LUX 7 <br> <span style=\"font-size:15px; font-weight: 600;\">\u00d8 75 mm<\/span>"},"content":{"rendered":"<table>\n<thead>\n<tr>\n<th><\/th>\n<th><\/th>\n<th><\/th>\n<th><\/th>\n<\/tr>\n<\/thead>\n<tbody>\n<tr>\n<td><strong>Di\u00e2metro<\/strong><\/td>\n<td>\u00d8 75 mm<\/td>\n<td><strong>M\u00e9todo de fixa\u00e7\u00e3o<\/strong><\/td>\n<td>Adesivo de dois componentes<\/td>\n<\/tr>\n<tr>\n<td><strong>Cumpre a norma EN<\/strong><\/td>\n<td>NEN-EN 1463-1 &amp; 2<\/td>\n<td><strong>Reflex\u00e3o<\/strong><\/td>\n<td>360\u00b0<\/td>\n<\/tr>\n<tr>\n<td><strong>Resist\u00eancia \u00e0 compress\u00e3o<\/strong><\/td>\n<td>60 toneladas<\/td>\n<td><strong>Bi-direcional<\/strong><\/td>\n<td>3\u00d7 <span style=\"color: #808080;\"><a style=\"color: #808080;\" href=\"https:\/\/www.quora.com\/Why-do-some-roads-have-reflective-markers-in-the-middle-of-the-road-I-understand-reflectors-along-the-lane-dividers-but-its-annoying-to-run-over-them-in-the-traffic-lane\" target=\"_blank\" rel=\"noopener\">mais brilhante<\/a><\/span> no sentido da marcha<\/td>\n<\/tr>\n<tr>\n<td><strong>Resist\u00eancia ao impacto<\/strong><\/td>\n<td>&gt; 150 Joule<\/td>\n<td><strong>Cores<\/strong><\/td>\n<td>Branco, amarelo<\/td>\n<\/tr>\n<tr>\n<td><strong>Vidro de seguran\u00e7a<\/strong><\/td>\n<td>Sim, totalmente temperado<\/td>\n<td><strong>Peso<\/strong><\/td>\n<td>280 gramas<\/td>\n<\/tr>\n<tr>\n<td><strong>Altura acima do pavimento<\/strong><\/td>\n<td>17 mm<\/td>\n<td><strong>Profundidade necess\u00e1ria do furo<\/strong><\/td>\n<td>26 mm<\/td>\n<\/tr>\n<\/tbody>\n<\/table>\n<p>&nbsp;<\/p>\n","protected":false},"excerpt":{"rendered":"<p>O marcador de estrada de vidro do tipo LUX 7, a op\u00e7\u00e3o mais brilhante e, com o seu di\u00e2metro de 75 mm, \u00e9 tamb\u00e9m a op\u00e7\u00e3o mais econ\u00f3mica e dur\u00e1vel no que diz respeito ao tempo de instala\u00e7\u00e3o e \u00e0 utiliza\u00e7\u00e3o de adesivo. A primeira escolha e o mais vendido.<\/p>\n","protected":false},"featured_media":2739,"comment_status":"open","ping_status":"closed","template":"","meta":{"_acf_changed":false},"product_brand":[],"product_cat":[51],"product_tag":[54],"class_list":{"0":"post-2841","1":"product","2":"type-product","3":"status-publish","4":"has-post-thumbnail","6":"product_cat-sem-categoria","7":"product_tag-vidro-solido-lux","9":"first","10":"instock","11":"shipping-taxable","12":"purchasable","13":"product-type-variable"},"acf":[],"_links":{"self":[{"href":"https:\/\/roadstuds.com\/pt-pt\/wp-json\/wp\/v2\/product\/2841","targetHints":{"allow":["GET"]}}],"collection":[{"href":"https:\/\/roadstuds.com\/pt-pt\/wp-json\/wp\/v2\/product"}],"about":[{"href":"https:\/\/roadstuds.com\/pt-pt\/wp-json\/wp\/v2\/types\/product"}],"replies":[{"embeddable":true,"href":"https:\/\/roadstuds.com\/pt-pt\/wp-json\/wp\/v2\/comments?post=2841"}],"version-history":[{"count":3,"href":"https:\/\/roadstuds.com\/pt-pt\/wp-json\/wp\/v2\/product\/2841\/revisions"}],"predecessor-version":[{"id":3141,"href":"https:\/\/roadstuds.com\/pt-pt\/wp-json\/wp\/v2\/product\/2841\/revisions\/3141"}],"wp:featuredmedia":[{"embeddable":true,"href":"https:\/\/roadstuds.com\/pt-pt\/wp-json\/wp\/v2\/media\/2739"}],"wp:attachment":[{"href":"https:\/\/roadstuds.com\/pt-pt\/wp-json\/wp\/v2\/media?parent=2841"}],"wp:term":[{"taxonomy":"product_brand","embeddable":true,"href":"https:\/\/roadstuds.com\/pt-pt\/wp-json\/wp\/v2\/product_brand?post=2841"},{"taxonomy":"product_cat","embeddable":true,"href":"https:\/\/roadstuds.com\/pt-pt\/wp-json\/wp\/v2\/product_cat?post=2841"},{"taxonomy":"product_tag","embeddable":true,"href":"https:\/\/roadstuds.com\/pt-pt\/wp-json\/wp\/v2\/product_tag?post=2841"}],"curies":[{"name":"wp","href":"https:\/\/api.w.org\/{rel}","templated":true}]}}

LUX 7 <br> <span style="font-size:15px; font-weight: 600;">Ø 75 mm</span>

<table>
<thead>
<tr>
<th></th>
<th></th>
<th></th>
<th></th>
</tr>
</thead>
<tbody>
<tr>
<td><strong>Diâmetro</strong></td>
<td>Ø 75 mm</td>
<td><strong>Método de fixação</strong></td>
<td>Adesivo de dois componentes</td>
</tr>
<tr>
<td><strong>Cumpre a norma EN</strong></td>
<td>NEN-EN 1463-1 &amp; 2</td>
<td><strong>Reflexão</strong></td>
<td>360°</td>
</tr>
<tr>
<td><strong>Resistência à compressão</strong></td>
<td>60 toneladas</td>
<td><strong>Bi-direcional</strong></td>
<td>3× <span style="color: #808080;"><a style="color: #808080;" href="https://www.quora.com/Why-do-some-roads-have-reflective-markers-in-the-middle-of-the-road-I-understand-reflectors-along-the-lane-dividers-but-its-annoying-to-run-over-them-in-the-traffic-lane" target="_blank" rel="noopener">mais brilhante</a></span> no sentido da marcha</td>
</tr>
<tr>
<td><strong>Resistência ao impacto</strong></td>
<td>&gt; 150 Joule</td>
<td><strong>Cores</strong></td>
<td>Branco, amarelo</td>
</tr>
<tr>
<td><strong>Vidro de segurança</strong></td>
<td>Sim, totalmente temperado</td>
<td><strong>Peso</strong></td>
<td>280 gramas</td>
</tr>
<tr>
<td><strong>Altura acima do pavimento</strong></td>
<td>17 mm</td>
<td><strong>Profundidade necessária do furo</strong></td>
<td>26 mm</td>
</tr>
</tbody>
</table>
<p>&nbsp;</p>

<p>O marcador de estrada de vidro do tipo LUX 7, a opção mais brilhante e, com o seu diâmetro de 75 mm, é também a opção mais económica e durável no que diz respeito ao tempo de instalação e à utilização de adesivo. A primeira escolha e o mais vendido.</p>
